 hundreds digit of 27015507?
5
What is the millions digit of 8144323?
8
What is the units digit of 256667491?
1
What is the hundreds digit of 206115401?
4
What is the ten millions digit of 3502600560?
0
What is the thousands digit of 5340801718?
1
What is the ten millions digit of 1733810177?
3
What is the hundreds digit of 1122419281?
2
What is the hundred thousands digit of 477533543?
5
What is the ten thousands digit of 108975292?
7
What is the billions digit of 4114733621?
4
What is the ten thousands digit of 64562581?
6
What is the ten thousands digit of 3815982?
1
What is the ten thousands digit of 99257050?
5
What is the ten thousands digit of 53262012?
6
What is the millions digit of 17818271?
7
What is the thousands digit of 1741869446?
9
What is the millions digit of 965781039?
5
What is the hundred millions digit of 1036373316?
0
What is the millions digit of 802813752?
2
What is the millions digit of 838522518?
8
What is the hundreds digit of 8289956527?
5
What is the millions digit of 19143681?
9
What is the millions digit of 912622436?
2
What is the hundred thousands digit of 304568929?
5
What is the millions digit of 2602682482?
2
What is the ten thousands digit of 66101232?
0
What is the hundred millions digit of 180073041?
1
What is the thousands digit of 60639668?
9
What is the ten thousands digit of 13000291?
0
What is the tens digit of 10970614?
1
What is the ten thousands digit of 315384985?
8
What is the tens digit of 2527174015?
1
What is the tens digit of 192397800?
0
What is the thousands digit of 138833819?
3
What is the hundred thousands digit of 1436903236?
9
What is the hundreds digit of 1005169018?
0
What is the tens digit of 162888298?
9
What is the tens digit of 52211971?
7
What is the units digit of 537023151?
1
What is the units digit of 1591478383?
3
What is the tens digit of 9696331128?
2
What is the units digit of 832465322?
2
What is the millions digit of 25323407?
5
What is the millions digit of 4110286?
4
What is the ten thousands digit of 1233230806?
3
What is the hundred millions digit of 1752996096?
7
What is the hundred millions digit of 1332346943?
3
What is the hundreds digit of 390136063?
0
What is the tens digit of 274268634?
3
What is the hundred millions digit of 163933078?
1
What is the ten millions digit of 212978024?
1
What is the ten thousands digit of 101580062?
8
What is the hundred thousands digit of 35413373?
4
What is the thousands digit of 1404294443?
4
What is the ten thousands digit of 5596368806?
6
What is the billions digit of 1196165024?
1
What is the ten thousands digit of 84287120?
8
What is the ten thousands digit of 72716369?
1
What is the ten millions digit of 349530393?
4
What is the ten thousands digit of 107533208?
3
What is the thousands digit of 44368984?
8
What is the hundred thousands digit of 891426192?
4
What is the hundred thousands digit of 4133860703?
8
What is the thousands digit of 56822143?
2
What is the thousands digit of 32774759?
4
What is the thousands digit of 82219380?
9
What is the ten millions digit of 22011381?
2
What is the hundreds digit of 77406553?
5
What is the ten millions digit of 30392220?
3
What is the hundred thousands digit of 61756257?
7
What is the ten thousands digit of 2535631150?
3
What is the tens digit of 22774128?
2
What is the hundred thousands digit of 65226439?
2
What is the thousands digit of 211821240?
1
What is the ten millions digit of 108763047?
0
What is the hundreds digit of 596692601?
6
What is the millions digit of 6164296514?
4
What is the thousands digit of 50566263?
6
What is the hundreds digit of 49104914?
9
What is the hundred millions digit of 5440160458?
4
What is the hundreds digit of 60439243?
2
What is the millions digit of 675501204?
5
What is the hundred thousands digit of 73030049?
0
What is the ten millions digit of 447881164?
4
What is the millions digit of 1748328041?
8
What is the ten millions digit of 6028561455?
2
What is the hundred thousands digit of 55362893?
3
What is the millions digit of 4492189754?
2
What is the tens digit of 192550765?
6
What is the hundreds digit of 666979483?
4
What is the thousands digit of 433516938?
6
What is the millions digit of 20577336?
0
What is the units digit of 86639506?
6
What is the units digit of 663313617?
7
What is the ten millions digit of 516669893?
1
What is the tens digit of 1251558894?
9
What is the units digit of 224973510?
0
What is the ten millions digit of 37158488?
3
What is the thousands digit of 328074074?
4
What is the hundred thousands digit of 5142357?
1
What is the ten thousands digit of 2600829786?
2
What is the hundred thousands digit of 1169681005?
6
What is the ten thousands digit of 169622216?
2
What is the thousands digit of 925893798?
3
What is the thousands digit of 630922149?
2
What is the hundred thousands digit of 113821923?
8
What is the hundreds digit of 295492473?
4
What is the millions digit of 738128665?
8
What is the ten thousands digit of 423236717?
3
What is the ten millions digit of 38741462?
3
What is the millions digit of 4432264042?
2
What is the units digit of 787638?
8
What is the tens digit of 9232536?
3
What is the hundreds digit of 191804437?
4
What is the ten thousands digit of 273056037?
5
What is the units digit of 197738479?
9
What is the billions digit of 5780834186?
5
What is the hundreds digit of 1002543163?
1
What is the units digit of 1090150866?
6
What is the millions digit of 63604954?
3
What is the millions digit of 14812273?
4
What is the units digit of 1408457558?
8
What is the millions digit of 778425971?
8
What is the thousands digit of 1302943876?
3
What is the units digit of 48762404?
4
What is the thousands digit of 155081293?
1
What is the ten millions digit of 461791963?
6
What is the tens digit of 510792624?
2
What is the millions digit of 1208689009?
8
What is the units digit of 1760298432?
2
What is the thousands digit of 293369233?
9
What is the units digit of 805163522?
2
What is the units digit of 25738240?
0
What is the hundred millions digit of 709778535?
7
What is the units digit of 799899316?
6
What is the hundreds digit of 28005326?
3
What is the hundred thousands digit of 746035065?
0
What is the ten millions digit of 867258787?
6
What is the units digit of 26685618?
8
What is the ten thousands digit of 290925698?
2
What is the hundred thousands digit of 1427428450?
4
What is the thousands digit of 228432535?
2
What is the ten millions digit of 69567715?
6
What is the hundred millions digit of 2080737079?
0
What is the ten thousands digit of 118278774?
7
What is the hundreds digit of 193286194?
1
What is the units digit of 71444125?
5
What is the hundreds digit of 160373246?
2
What is the hundreds digit of 35690116?
1
What is the thousands digit of 246166187?
6
What is the tens digit of 133205728?
2
What is the millions digit of 78855733?
8
What is the thousands digit of 353417081?
7
What is the hundred thousands digit of 1492142215?
1
What is the millions digit of 62149639?
2
What is the hundred thousands digit of 7532801101?
8
What is the millions digit of 148744671?
8
What is the thousands digit of 6671448?
1
What is the hundreds digit of 1616357388?
3
What is the tens digit of 1235659981?
8
What is the hundreds digit of 459537940?
9
What is the ten thousands digit of 268313625?
1
What is the hundred millions digit of 187313005?
1
What is the ten thousands digit of 157608066?
0
What is the thousands digit of 35733151?
3
What is the hundred thousands digit of 23630991?
6
What is the tens digit of 1321690270?
7
What is the hundreds digit of 262140677?
6
What is the ten millions digit of 1353076353?
5
What is the hundreds digit of 60934564?
5
What is the thousands digit of 158633325?
3
What is the ten millions digit of 675432862?
7
What is the hundreds digit of 756235938?
9
What is the hundreds digit of 49475822?
8
What is the hundred thousands digit of 818533063?
5
What is the thousands digit of 52485797?
5
What is the hundreds digit of 1312901885?
8
What is the units digit of 788799652?
2
What is the millions digit of 3413350510?
3
What is the units digit of 12906300?
0
What is the hundreds digit of 1598315123?
1
What is the thousands digit of 225987065?
7
What is the units dig